digit of 86320?
3
What is the hundreds digit of 5733317?
3
What is the tens digit of 70672?
7
What is the tens digit of 2072952?
5
What is the units digit of 3590?
0
What is the tens digit of 133931?
3
What is the thousands digit of 811447?
1
What is the hundred thousands digit of 542368?
5
What is the hundred thousands digit of 20131087?
1
What is the tens digit of 3207927?
2
What is the hundred thousands digit of 2614780?
6
What is the tens digit of 230809?
0
What is the hundreds digit of 659549?
5
What is the tens digit of 351928?
2
What is the millions digit of 4925152?
4
What is the units digit of 11424587?
7
What is the thousands digit of 429153?
9
What is the units digit of 167928?
8
What is the hundreds digit of 10631?
6
What is the hundreds digit of 479800?
8
What is the thousands digit of 96114?
6
What is the hundred thousands digit of 932796?
9
What is the hundreds digit of 2712448?
4
What is the thousands digit of 1498831?
8
What is the thousands digit of 1173691?
3
What is the hundreds digit of 2038480?
4
What is the tens digit of 5500194?
9
What is the ten thousands digit of 89246?
8
What is the hundreds digit of 134800?
8
What is the units digit of 378433?
3
What is the hundreds digit of 24420912?
9
What is the tens digit of 444331?
3
What is the tens digit of 206408?
0
What is the ten thousands digit of 577454?
7
What is the hundred thousands digit of 4829306?
8
What is the units digit of 523982?
2
What is the units digit of 96947?
7
What is the millions digit of 16922754?
6
What is the ten thousands digit of 2498166?
9
What is the ten thousands digit of 21445082?
4
What is the hundreds digit of 814159?
1
What is the tens digit of 5080840?
4
What is the hundred thousands digit of 1026096?
0
What is the tens digit of 16032788?
8
What is the hundred thousands digit of 4837619?
8
What is the thousands digit of 3167219?
7
What is the units digit of 771985?
5
What is the hundred thousands digit of 310026?
3
What is the hundreds digit of 666714?
7
What is the ten thousands digit of 468452?
6
What is the hundreds digit of 436158?
1
What is the millions digit of 1260286?
1
What is the millions digit of 1166567?
1
What is the thousands digit of 610337?
0
What is the tens digit of 322924?
2
What is the tens digit of 7527661?
6
What is the ten thousands digit of 853093?
5
What is the hundred thousands digit of 346881?
3
What is the hundred thousands digit of 404278?
4
What is the hundreds digit of 3999788?
7
What is the millions digit of 5957639?
5
What is the thousands digit of 197645?
7
What is the ten thousands digit of 1031276?
3
What is the tens digit of 5816011?
1
What is the ten thousands digit of 19606861?
0
What is the hundred thousands digit of 847039?
8
What is the tens digit of 384733?
3
What is the hundreds digit of 12323348?
3
What is the tens digit of 45775?
7
What is the hundreds digit of 3024957?
9
What is the units digit of 184470?
0
What is the hundreds digit of 4756899?
8
What is the units digit of 530817?
7
What is the ten thousands digit of 404112?
0
What is the hundred thousands digit of 881745?
8
What is the tens digit of 19710901?
0
What is the hundred thousands digit of 1497770?
4
What is the hundreds digit of 287511?
5
What is the units digit of 34402774?
4
What is the tens digit of 1362125?
2
What is the thousands digit of 48649?
8
What is the tens digit of 564609?
0
What is the hundred thousands digit of 105267?
1
What is the ten thousands digit of 15781434?
8
What is the units digit of 3946901?
1
What is the thousands digit of 21502990?
2
What is the hundred thousands digit of 703486?
7
What is the hundred thousands digit of 16784850?
7
What is the ten millions digit of 17664540?
1
What is the hundreds digit of 781798?
7
What is the thousands digit of 7336287?
6
What is the millions digit of 3823520?
3
What is the hundred thousands digit of 168857?
1
What is the hundreds digit of 14191733?
7
What is the hundred thousands digit of 738334?
7
What is the hundred thousands digit of 538451?
5
What is the tens digit of 194514?
1
What is the thousands digit of 6594772?
4
What is the tens digit of 2964483?
8
What is the ten thousands digit of 411897?
1
What is the units digit of 989960?
0
What is the hundred thousands digit of 12392834?
3
What is the hundreds digit of 9497134?
1
What is the units digit of 74667?
7
What is the hundred thousands digit of 11146537?
1
What is the hundred thousands digit of 9817032?
8
What is the hundred thousands digit of 3065786?
0
What is the thousands digit of 444669?
4
What is the hundred thousands digit of 4948532?
9
What is the thousands digit of 31544299?
4
What is the units digit of 804581?
1
What is the units digit of 195545?
5
What is the tens digit of 826694?
9
What is the hundreds digit of 170351?
3
What is the ten thousands digit of 186266?
8
What is the millions digit of 1397801?
1
What is the units digit of 5643820?
0
What is the thousands digit of 12255?
2
What is the millions digit of 30805531?
0
What is the hundred thousands digit of 7817291?
8
What is the thousands digit of 17754652?
4
What is the units digit of 52807?
7
What is the thousands digit of 332889?
2
What is the hundreds digit of 539128?
1
What is the tens digit of 79533?
3
What is the units digit of 945997?
7
What is the ten thousands digit of 402203?
0
What is the units digit of 4944433?
3
What is the units digit of 4054050?
0
What is the hundreds digit of 878882?
8
What is the units digit of 360772?
2
What is the millions digit of 1231287?
1
What is the ten thousands digit of 510331?
1
What is the hundreds digit of 126118?
1
What is the ten millions digit of 16390986?
1
What is the millions digit of 9155726?
9
What is the millions digit of 1861504?
1
What is the tens digit of 51992?
9
What is the thousands digit of 7551819?
1
What is the millions digit of 8321008?
8
What is the units digit of 62320?
0
What is the hundreds digit of 1481467?
4
What is the thousands digit of 505837?
5
What is the thousands digit of 144909?
4
What is the hundred thousands digit of 21631200?
6
What is the millions digit of 5275842?
5
What is the ten thousands digit of 2448136?
4
What is the hundreds digit of 582993?
9
What is the hundreds digit of 859621?
6
What is the hundred thousands digit of 164508?
1
What is the tens digit of 91800?
0
What is the hundred thousands digit of 2625600?
6
What is the hundreds digit of 113488?
4
What is the millions digit of 7212589?
7
What is the thousands digit of 5659519?
9
What is the hundreds digit of 433473?
4
What is the tens digit of 621946?
4
What is the tens digit of 3415623?
2
What is the units digit of 1554192?
2
What is the millions digit of 2213688?
2
What is the tens digit of 711649?
4
What is the thousands digit of 416029?
6
What is the units digit of 41512?
2
What is the tens digit of 1689325?
2
What is the thousands digit of 1310892?
0
What is the units digit of 1846080?
0
What is the units digit of 35539?
9
What is the units digit of 15386431?
1
What is the thousands digit of 5442742?
2
What is the ten thousands digit of 122737?
2
What is the hundred thousands digit of 7376526?
3
What is the thousands digit of 7152368?
2
What is the tens digit of 26803506?
0
What is the units digit of 9149345?
5
What is the units digit of 1256884?
4
What is the hundreds digit of 4854289?
2
What is the millions digit of 3846368?
3
What is the tens digit of 732722?
2
What is the hundreds digit of 45367?
3
What is the ten thousands digit of 50423?
5
What is the hundreds digit of 146823?
8
What is the tens digit of 3031083?
8
What is the hundred thousands digit of 683736?
6
What is the units digit of 300779?
9
What is the thousands digit of 306866?
6
What is the hundred thousands digit of 1592271?
5
What is the ten thousands digit of 366826?
6
What is the hundred thousands digit of 104864?
1
What is the ten thousands digit of 1759112?
5
What is the units digit of 117019?
9
What is the hundreds digit of 440263?
2
What is the millions digit of 3290929?
3
What is the millions digit of 14204462?
4
What is the thousands digit of 653020?
3
What is the thousands digit of 357063?
7
What is the thousands digit of 2633590?
3
What is the tens digit of 796502?
0
What is the hundred thousands digit of 16